{"id":67,"date":"2018-11-02T10:55:38","date_gmt":"2018-11-02T09:55:38","guid":{"rendered":"http:\/\/www.clairesimon.fr\/2018\/?page_id=67"},"modified":"2018-11-15T16:38:29","modified_gmt":"2018-11-15T15:38:29","slug":"premieres-solitudes","status":"publish","type":"page","link":"http:\/\/clairesimon.fr\/fr_fr\/premieres-solitudes\/","title":{"rendered":"premi\u00e8res solitudes"},"content":{"rendered":"\t\t<div class=\"elementor elementor-67\">\n\t\t\t<div class=\"elementor-inner\">\n\t\t\t\t<div class=\"elementor-section-wrap\">\n\t\t\t\t\t\t\t<section data-id=\"2d37be55\" class=\"elementor-element elementor-element-2d37be55 elementor-section-boxed elementor-section-height-default elementor-section-height-default elementor-section elementor-top-section\" data-element_type=\"section\">\n\t\t\t\t\t\t<div class=\"elementor-container elementor-column-gap-default\">\n\t\t\t\t<div class=\"elementor-row\">\n\t\t\t\t<div data-id=\"5605aea7\" class=\"elementor-element elementor-element-5605aea7 elementor-column elementor-col-100 elementor-top-column\" data-element_type=\"column\">\n\t\t\t<div class=\"elementor-column-wrap elementor-element-populated\">\n\t\t\t\t\t<div class=\"elementor-widget-wrap\">\n\t\t\t\t<div data-id=\"6b76b404\" class=\"elementor-element elementor-element-6b76b404 elementor-widget elementor-widget-text-editor\" data-element_type=\"text-editor.default\">\n\t\t\t\t<div class=\"elementor-widget-container\">\n\t\t\t\t\t<div class=\"elementor-text-editor elementor-clearfix\"><p><em><img loading=\"lazy\" decoding=\"async\" class=\"alignnone size-full wp-image-70\" src=\"http:\/\/www.clairesimon.fr\/2018\/wp-content\/uploads\/2018\/11\/1ere-solitudes.jpg\" alt=\"\" width=\"757\" height=\"426\" srcset=\"http:\/\/clairesimon.fr\/wp-content\/uploads\/2018\/11\/1ere-solitudes.jpg 757w, http:\/\/clairesimon.fr\/wp-content\/uploads\/2018\/11\/1ere-solitudes-300x169.jpg 300w\" sizes=\"(max-width: 706px) 89vw, (max-width: 767px) 82vw, 740px\" \/><\/em><\/p><p><em>Premi\u00e8res solitudes<\/em>\u00a0est devenu un film sans crier gare.<\/p><p align=\"JUSTIFY\">Je faisais une intervention au lyc\u00e9e Romain Rolland d\u2019Ivry \u00e0 la demande de la professeure de de lettres et de<em>\u00a0<\/em>cin\u00e9ma et du cin\u00e9ma le Luxy en vue de faire avec les \u00e9l\u00e8ves de l\u2019option cin\u00e9ma de premi\u00e8re L un court m\u00e9trage de fiction.<\/p><p align=\"JUSTIFY\">Je me voyais mal \u00e9crire sans les conna\u00eetre. A notre premier rendez-vous je leur ai dit cela et je leur ai propos\u00e9 de les interroger \u00e0 partir d\u2019une question ou plut\u00f4t d\u2019une exp\u00e9rience que nous pouvions conna\u00eetre eux et moi malgr\u00e9 notre diff\u00e9rence d\u2019\u00e2ge\u00a0: la solitude.<\/p><p align=\"JUSTIFY\">Puis pendant une journ\u00e9e, aid\u00e9e de deux ou trois d\u2019entre eux, \u00e0 tour de r\u00f4le, je les interviewais un \u00e0 un. Ils \u00e9taient passionn\u00e9s par l\u2019id\u00e9e et voulaient tous \u00e9couter ce que les autres disaient. Chacun parlait librement sous r\u00e9serve de l\u2019exp\u00e9rience qu\u2019on menait. J\u2019ai mont\u00e9 cette journ\u00e9e de tournage et le r\u00e9sultat m\u2019a beaucoup touch\u00e9e. Il s\u2019agissait d\u2019un dialogue o\u00f9 chaque \u00e9l\u00e8ve me r\u00e9pondait sur sa vie en partant de ses moments de solitude. In\u00e9vitablement ils parlaient de leur famille, d\u00e9sunie pour la plupart d\u2019entre eux, et des doutes que cela provoquait chez eux. En m\u00eame temps leurs envies, leur enthousiasme sur le cin\u00e9ma, le lyc\u00e9e, les copains, les amours, explosait. Et puis souvent cette phrase\u00a0: \u00ab\u00a0J\u2019ai peur de l\u2019avenir\u00a0\u00bb.<\/p><p align=\"JUSTIFY\">J\u2019ai r\u00e9fl\u00e9chi et je leur ai propos\u00e9 de partir de cette exp\u00e9rience, de ce qu\u2019ils avaient dit pour faire un film. Je leur ai propos\u00e9 de reprendre des choses qu\u2019ils avaient dites et qu\u2019ils en parlent entre eux, \u00e0 deux ou trois, et je choisissais les acteurs de chaque sc\u00e8ne et leurs lieux dans le lyc\u00e9e.<\/p><p align=\"JUSTIFY\">J\u2019avais d\u00e9couvert un peu de leurs vies mais aussi que leurs vies personnelles familiales restaient dans l\u2019ombre de leurs relations au lyc\u00e9e. J\u2019ai imagin\u00e9 un film fait de dialogues dans les interm\u00e8des de la vie scolaire qui donnerait une vision du lyc\u00e9e abstraite, un lieu de la communaut\u00e9 \u00e9ph\u00e9m\u00e8re des \u00e9l\u00e8ves. Un lieu o\u00f9 l\u2019on vient pour discuter avec les autres, avec ses semblables. Un lieu presque public.<\/p><p align=\"JUSTIFY\">J\u2019aime essayer de nouvelles approches et faire le contraire de ce que j\u2019ai pu r\u00e9aliser dans le film pr\u00e9c\u00e9dent. PREMI\u00c8RES SOLITUDES n\u2019est pas un documentaire de cin\u00e9ma direct, c\u2019est une fa\u00e7on diff\u00e9rente de faire un film.<\/p><p align=\"JUSTIFY\">L\u2019aspect le plus fictionnel de l\u2019entreprise, ce sont ces dialogues qui ont eu lieu pour le film\u00a0: ils n\u2019avaient pas lieu avant car ils n\u2019osaient pas se parler de leurs vies, de leurs histoires. Je les ai guid\u00e9s sur les sujets \u00e0 aborder, nous avons choisi comment le faire, \u00e0 partir de quelle id\u00e9e et\/ou sentiment. Tout ce qu\u2019ils ont racont\u00e9 est leur vie Je les ai guid\u00e9s sur les sujets \u00e0 aborder, nous avons choisi comment le faire, \u00e0 partir de quelle id\u00e9e et\/ou sentiment. Tout ce qu\u2019ils ont racont\u00e9 est leur vie. Ils la disent avec un style puissant et pr\u00e9cis. Leur justesse vient de la situation\u00a0: celui ou celle \u00e0 qui ils parlent est la personne la plus difficile \u00e0 s\u00e9duire, \u00e0 convaincre\u2026Devant le copain ou la copine de classe on ne peut pas tricher\u2026.Moi je voulais que les \u00e9l\u00e8ves parviennent \u00e0 s\u2019\u00e9couter. Qu\u2019est-ce que cela repr\u00e9sente de d\u00e9couvrir l\u2019histoire de votre ami. Qu\u2019est-ce qu\u2019\u00e9couter\u00a0? Pouvez-vous \u00eatre int\u00e9ress\u00e9 par l\u2019histoire de quelqu\u2019un d\u2019autre\u00a0?<\/p><p align=\"JUSTIFY\">Quelque chose a eu lieu qui n\u2019existait pas avant. Ils ont os\u00e9 se confronter et r\u00e9fl\u00e9chir \u00e0 deux ou \u00e0 trois \u00e0 leurs vies. Ils parlent des parents, de la solitude, de leur vie amoureuse ou pas. Ils r\u00e9fl\u00e9chissent ensemble. Et ces dialogues, m\u00eame s\u2019ils sont sollicit\u00e9s, sont tr\u00e8s justes. Leurs mots, leurs intonations, leurs expressions me touchent par la pr\u00e9cision de leurs \u00e9motions et je crois qu\u2019ils arrivent \u00e0 raconter ce qu\u2019ils affrontent, ce qu\u2019ils pensent, ce qu\u2019ils d\u00e9sirent.<\/p><p align=\"JUSTIFY\">Il n\u2019y a pas eu de casting, de choix des \u00e9l\u00e8ves \u00ab\u00a0acteurs\u00a0\u00bb, j\u2019ai eu du plaisir \u00e0 d\u00e9couvrir chacune de leurs singularit\u00e9s, de leurs diff\u00e9rences.<\/p><p align=\"JUSTIFY\">Ils sont d\u2019origines sociales diff\u00e9rentes, mais globalement ils sont plut\u00f4t d\u2019origine modeste. Cela compte et ne compte pas. Ils ne parlent pas \u00ab\u00a0banlieue\u00a0\u00bb. Ils sont \u00e0 ce moment tr\u00e8s beau et assez angoissant o\u00f9 ils r\u00eavent leur vie \u00e0 venir et savent qu\u2019il va falloir oublier ce qui les a fait souffrir jusque l\u00e0.<\/p><p lang=\"en-US\" align=\"JUSTIFY\">Certains sont surpris de la qualit\u00e9 de ces dialogues d\u2019adolescents alors qu\u2018on se fait une id\u00e9e de leur g\u00e9n\u00e9ration soi disant ferm\u00e9e et incapable de parler et de converser.<\/p><p align=\"JUSTIFY\">Alors, les adolescents que j\u2019ai film\u00e9s sont-ils plus intelligents que les autres? Peut-\u00eatre est-on intelligent lorsqu\u2019on r\u00e9fl\u00e9chit \u00e0 sa propre exp\u00e9rience, avec un copain ou une copine\u00a0? Est ce la solitude qui aide \u00e0 r\u00e9fl\u00e9chir\u00a0?<\/p><p align=\"JUSTIFY\">Qui a dit que les jeunes ne pensaient pas\u00a0?<\/p><p align=\"JUSTIFY\"><strong>PRESSE<\/strong><\/p><p align=\"JUSTIFY\"><a href=\"http:\/\/clairesimon.fr\/lemonde1eressolitudes.pdf\" target=\"_blank\" rel=\"noopener\">Le Monde<\/a><\/p><p align=\"JUSTIFY\"><a href=\"http:\/\/clairesimon.fr\/PS_DP_A3_11.pdf\" target=\"_blank\" rel=\"noopener\">T\u00e9l\u00e9chargez le dossier de presse<\/a><\/p><\/div>\n\t\t\t\t<\/div>\n\t\t\t\t<\/div>\n\t\t\t\t\t\t<\/div>\n\t\t\t<\/div>\n\t\t<\/div>\n\t\t\t\t\t\t<\/div>\n\t\t\t<\/div>\n\t\t<\/section>\n\t\t\t\t\t\t<\/div>\n\t\t\t<\/div>\n\t\t<\/div>\n\t\t","protected":false},"excerpt":{"rendered":"<p>Premi\u00e8res solitudes\u00a0est devenu un film sans crier gare. Je faisais une intervention au lyc\u00e9e Romain Rolland d\u2019Ivry \u00e0 la demande de la professeure de de lettres et de\u00a0cin\u00e9ma et du cin\u00e9ma le Luxy en vue de faire avec les \u00e9l\u00e8ves de l\u2019option cin\u00e9ma de premi\u00e8re L un court m\u00e9trage de fiction. Je me voyais mal &hellip; <\/p>\n<p class=\"link-more\"><a href=\"http:\/\/clairesimon.fr\/fr_fr\/premieres-solitudes\/\" class=\"more-link\">Continuer la lecture<span class=\"screen-reader-text\"> de &laquo;&nbsp;premi\u00e8res solitudes&nbsp;&raquo;<\/span><\/a><\/p>\n","protected":false},"author":1,"featured_media":0,"parent":0,"menu_order":0,"comment_status":"closed","ping_status":"closed","template":"","meta":{"footnotes":""},"_links":{"self":[{"href":"http:\/\/clairesimon.fr\/fr_fr\/wp-json\/wp\/v2\/pages\/67"}],"collection":[{"href":"http:\/\/clairesimon.fr\/fr_fr\/wp-json\/wp\/v2\/pages"}],"about":[{"href":"http:\/\/clairesimon.fr\/fr_fr\/wp-json\/wp\/v2\/types\/page"}],"author":[{"embeddable":true,"href":"http:\/\/clairesimon.fr\/fr_fr\/wp-json\/wp\/v2\/users\/1"}],"replies":[{"embeddable":true,"href":"http:\/\/clairesimon.fr\/fr_fr\/wp-json\/wp\/v2\/comments?post=67"}],"version-history":[{"count":9,"href":"http:\/\/clairesimon.fr\/fr_fr\/wp-json\/wp\/v2\/pages\/67\/revisions"}],"predecessor-version":[{"id":239,"href":"http:\/\/clairesimon.fr\/fr_fr\/wp-json\/wp\/v2\/pages\/67\/revisions\/239"}],"wp:attachment":[{"href":"http:\/\/clairesimon.fr\/fr_fr\/wp-json\/wp\/v2\/media?parent=67"}],"curies":[{"name":"wp","href":"https:\/\/api.w.org\/{rel}","templated":true}]}}

premières solitudes

<div class="elementor elementor-67">
			<div class="elementor-inner">
				<div class="elementor-section-wrap">
							<section data-id="2d37be55" class="elementor-element elementor-element-2d37be55 elementor-section-boxed elementor-section-height-default elementor-section-height-default elementor-section elementor-top-section" data-element_type="section">
						<div class="elementor-container elementor-column-gap-default">
				<div class="elementor-row">
				<div data-id="5605aea7" class="elementor-element elementor-element-5605aea7 elementor-column elementor-col-100 elementor-top-column" data-element_type="column">
			<div class="elementor-column-wrap elementor-element-populated">
					<div class="elementor-widget-wrap">
				<div data-id="6b76b404" class="elementor-element elementor-element-6b76b404 elementor-widget elementor-widget-text-editor" data-element_type="text-editor.default">
				<div class="elementor-widget-container">
					<div class="elementor-text-editor elementor-clearfix"><p><em><img loading="lazy" decoding="async" class="alignnone size-full wp-image-70" src="http://www.clairesimon.fr/2018/wp-content/uploads/2018/11/1ere-solitudes.jpg" alt="" width="757" height="426" srcset="http://clairesimon.fr/wp-content/uploads/2018/11/1ere-solitudes.jpg 757w, http://clairesimon.fr/wp-content/uploads/2018/11/1ere-solitudes-300x169.jpg 300w" sizes="(max-width: 706px) 89vw, (max-width: 767px) 82vw, 740px" /></em></p><p><em>Premières solitudes</em> est devenu un film sans crier gare.</p><p align="JUSTIFY">Je faisais une intervention au lycée Romain Rolland d’Ivry à la demande de la professeure de de lettres et de<em> </em>cinéma et du cinéma le Luxy en vue de faire avec les élèves de l’option cinéma de première L un court métrage de fiction.</p><p align="JUSTIFY">Je me voyais mal écrire sans les connaître. A notre premier rendez-vous je leur ai dit cela et je leur ai proposé de les interroger à partir d’une question ou plutôt d’une expérience que nous pouvions connaître eux et moi malgré notre différence d’âge : la solitude.</p><p align="JUSTIFY">Puis pendant une journée, aidée de deux ou trois d’entre eux, à tour de rôle, je les interviewais un à un. Ils étaient passionnés par l’idée et voulaient tous écouter ce que les autres disaient. Chacun parlait librement sous réserve de l’expérience qu’on menait. J’ai monté cette journée de tournage et le résultat m’a beaucoup touchée. Il s’agissait d’un dialogue où chaque élève me répondait sur sa vie en partant de ses moments de solitude. Inévitablement ils parlaient de leur famille, désunie pour la plupart d’entre eux, et des doutes que cela provoquait chez eux. En même temps leurs envies, leur enthousiasme sur le cinéma, le lycée, les copains, les amours, explosait. Et puis souvent cette phrase : « J’ai peur de l’avenir ».</p><p align="JUSTIFY">J’ai réfléchi et je leur ai proposé de partir de cette expérience, de ce qu’ils avaient dit pour faire un film. Je leur ai proposé de reprendre des choses qu’ils avaient dites et qu’ils en parlent entre eux, à deux ou trois, et je choisissais les acteurs de chaque scène et leurs lieux dans le lycée.</p><p align="JUSTIFY">J’avais découvert un peu de leurs vies mais aussi que leurs vies personnelles familiales restaient dans l’ombre de leurs relations au lycée. J’ai imaginé un film fait de dialogues dans les intermèdes de la vie scolaire qui donnerait une vision du lycée abstraite, un lieu de la communauté éphémère des élèves. Un lieu où l’on vient pour discuter avec les autres, avec ses semblables. Un lieu presque public.</p><p align="JUSTIFY">J’aime essayer de nouvelles approches et faire le contraire de ce que j’ai pu réaliser dans le film précédent. PREMIÈRES SOLITUDES n’est pas un documentaire de cinéma direct, c’est une façon différente de faire un film.</p><p align="JUSTIFY">L’aspect le plus fictionnel de l’entreprise, ce sont ces dialogues qui ont eu lieu pour le film : ils n’avaient pas lieu avant car ils n’osaient pas se parler de leurs vies, de leurs histoires. Je les ai guidés sur les sujets à aborder, nous avons choisi comment le faire, à partir de quelle idée et/ou sentiment. Tout ce qu’ils ont raconté est leur vie Je les ai guidés sur les sujets à aborder, nous avons choisi comment le faire, à partir de quelle idée et/ou sentiment. Tout ce qu’ils ont raconté est leur vie. Ils la disent avec un style puissant et précis. Leur justesse vient de la situation : celui ou celle à qui ils parlent est la personne la plus difficile à séduire, à convaincre…Devant le copain ou la copine de classe on ne peut pas tricher….Moi je voulais que les élèves parviennent à s’écouter. Qu’est-ce que cela représente de découvrir l’histoire de votre ami. Qu’est-ce qu’écouter ? Pouvez-vous être intéressé par l’histoire de quelqu’un d’autre ?</p><p align="JUSTIFY">Quelque chose a eu lieu qui n’existait pas avant. Ils ont osé se confronter et réfléchir à deux ou à trois à leurs vies. Ils parlent des parents, de la solitude, de leur vie amoureuse ou pas. Ils réfléchissent ensemble. Et ces dialogues, même s’ils sont sollicités, sont très justes. Leurs mots, leurs intonations, leurs expressions me touchent par la précision de leurs émotions et je crois qu’ils arrivent à raconter ce qu’ils affrontent, ce qu’ils pensent, ce qu’ils désirent.</p><p align="JUSTIFY">Il n’y a pas eu de casting, de choix des élèves « acteurs », j’ai eu du plaisir à découvrir chacune de leurs singularités, de leurs différences.</p><p align="JUSTIFY">Ils sont d’origines sociales différentes, mais globalement ils sont plutôt d’origine modeste. Cela compte et ne compte pas. Ils ne parlent pas « banlieue ». Ils sont à ce moment très beau et assez angoissant où ils rêvent leur vie à venir et savent qu’il va falloir oublier ce qui les a fait souffrir jusque là.</p><p lang="en-US" align="JUSTIFY">Certains sont surpris de la qualité de ces dialogues d’adolescents alors qu‘on se fait une idée de leur génération soi disant fermée et incapable de parler et de converser.</p><p align="JUSTIFY">Alors, les adolescents que j’ai filmés sont-ils plus intelligents que les autres? Peut-être est-on intelligent lorsqu’on réfléchit à sa propre expérience, avec un copain ou une copine ? Est ce la solitude qui aide à réfléchir ?</p><p align="JUSTIFY">Qui a dit que les jeunes ne pensaient pas ?</p><p align="JUSTIFY"><strong>PRESSE</strong></p><p align="JUSTIFY"><a href="http://clairesimon.fr/lemonde1eressolitudes.pdf" target="_blank" rel="noopener">Le Monde</a></p><p align="JUSTIFY"><a href="http://clairesimon.fr/PS_DP_A3_11.pdf" target="_blank" rel="noopener">Téléchargez le dossier de presse</a></p></div>
				</div>
				</div>
						</div>
			</div>
		</div>
						</div>
			</div>
		</section>
						</div>
			</div>
		</div>

<p>Premières solitudes est devenu un film sans crier gare. Je faisais une intervention au lycée Romain Rolland d’Ivry à la demande de la professeure de de lettres et de cinéma et du cinéma le Luxy en vue de faire avec les élèves de l’option cinéma de première L un court métrage de fiction. Je me voyais mal &hellip; </p>
<p class="link-more"><a href="http://clairesimon.fr/fr_fr/premieres-solitudes/" class="more-link">Continuer la lecture<span class="screen-reader-text"> de &laquo;&nbsp;premières solitudes&nbsp;&raquo;</span></a></p>
