{"id":38,"date":"2018-10-23T11:36:37","date_gmt":"2018-10-23T09:36:37","guid":{"rendered":"http:\/\/www.clairesimon.fr\/2018\/?page_id=38"},"modified":"2018-11-13T11:29:54","modified_gmt":"2018-11-13T10:29:54","slug":"cabrule","status":"publish","type":"page","link":"http:\/\/clairesimon.fr\/fr_fr\/cabrule\/","title":{"rendered":"\u00e7a brule"},"content":{"rendered":"\t\t<div class=\"elementor elementor-38\">\n\t\t\t<div class=\"elementor-inner\">\n\t\t\t\t<div class=\"elementor-section-wrap\">\n\t\t\t\t\t\t\t<section data-id=\"93f1b02\" class=\"elementor-element elementor-element-93f1b02 elementor-section-boxed elementor-section-height-default elementor-section-height-default elementor-section elementor-top-section\" data-element_type=\"section\">\n\t\t\t\t\t\t<div class=\"elementor-container elementor-column-gap-default\">\n\t\t\t\t<div class=\"elementor-row\">\n\t\t\t\t<div data-id=\"8029743\" class=\"elementor-element elementor-element-8029743 elementor-column elementor-col-100 elementor-top-column\" data-element_type=\"column\">\n\t\t\t<div class=\"elementor-column-wrap elementor-element-populated\">\n\t\t\t\t\t<div class=\"elementor-widget-wrap\">\n\t\t\t\t<div data-id=\"6254c31\" class=\"elementor-element elementor-element-6254c31 elementor-widget elementor-widget-text-editor\" data-element_type=\"text-editor.default\">\n\t\t\t\t<div class=\"elementor-widget-container\">\n\t\t\t\t\t<div class=\"elementor-text-editor elementor-clearfix\"><p class=\"sly1\" align=\"left\"><img loading=\"lazy\" decoding=\"async\" class=\"alignnone size-medium wp-image-90\" src=\"http:\/\/www.clairesimon.fr\/2018\/wp-content\/uploads\/2018\/11\/livia-fumee-300x198.jpg\" alt=\"\" width=\"300\" height=\"198\" \/><\/p><p class=\"sly1\" align=\"left\">Fiction-111minutes \u2013 35 mm &#8211; 1\/1.85 \u2013 couleur &#8211; dolby SR<\/p><p class=\"sly1\">avec\u00a0<br \/>Camille Varenne et Gilbert Melki<\/p><p><span class=\"sly1\">Production Ma\u00efa Films \/ Gilles Sandoz maiafilms@maiafilms.com<br \/>Distribution Shellac\/ shellac @altern.org\u00a0<\/span><\/p><p>Presse Makna presse \/ Chlo\u00e9 Lorenzi<br \/>Ventes internationales Film Distribution<\/p><p><a class=\"sly1\" href=\"http:\/\/www.cabrule-lefilm.com\/\" target=\"_blank\" rel=\"noopener\">http:\/\/www.cabrule-lefilm.com\/<\/a><br \/><a name=\"synopsis\"><\/a><br \/><span class=\"sly1\"><strong>SYNOPSIS<\/strong><\/span><\/p><p>Le 24 juin dans le Sud de la France, Livia 15 ans se rel\u00e8ve d\u2019une violente chute de cheval gr\u00e2ce \u00e0 l\u2019aide d\u2019un pompier, Jean Susini, dont elle tombe amoureuse. L\u2019adolescente seule et contrari\u00e9e va tout tenter pour conqu\u00e9rir cet homme plus \u00e2g\u00e9 pour lequel elle \u00e9prouve une passion de plus en plus br\u00fblante .Son amour va la d\u00e9vorer ,lui faire gravir une \u00e0 une les marches de l\u2019exaltation, jusqu\u2019\u00e0 l\u2019irr\u00e9parable.<br \/><a name=\"liste\"><\/a><br \/><strong>LISTE ARTISTIQUE ET TECHNIQUE<\/strong><\/p><p><strong>Liste Artistique<\/strong><br \/>Livia Camille Varenne<br \/>Jean Gilbert Melki<br \/>Moisi Kader Mohamed<br \/>Amanda Marion Maintenay<br \/>Aurelie Morgane Mor\u00e9<br \/>P\u00e8re De Livia Jean-Quentin Chatelain<br \/>Cora Olivia Willaumez<br \/>Julien Nabil Radi<br \/>Vincent Mathieu Bagnis<br \/>Et les pompiers de la caserne de Jouques<\/p><p><strong>Liste Technique<\/strong><br \/>R\u00e9alisation,cadre Claire Simon<br \/>Sc\u00e9nario Claire Simon, J\u00e9r\u00f4me Beaujour, Nad\u00e8ge Trebal<br \/>Chef Op\u00e9rtaeur Pascale Granel<br \/>Son Julien Cloquet, Fran\u00e7ois Musy, Gabriel Hafner<br \/>Montage Julien Lacheray<br \/>D\u00e9cors Dan Bevan<br \/>Musique Martin Wheeler<br \/>Production Gilles Sandoz \/ Ma\u00efa Films<br \/>Ruth Waldburger \/ Vega Film<br \/>Samuel Chauvin \/ Promenades FilmsAvec la participation du Centre National de la Cin\u00e9matographie<br \/>Avec le Soutien de la R\u00e9gion Provence &#8211; Alpes -C\u00f4te d\u2019Azur<br \/>En coproduction avec la T\u00e9l\u00e9vision Suisse Romande<br \/>Avec le Soutien de l\u2019Office F\u00e9d\u00e9ral de la Culture Suisse<br \/>Visa n\u00b0 112.200<br \/><a name=\"festivals\"><\/a><br \/><strong>FESTIVALS &amp; DISTRIBUTION<\/strong><\/p><p>Quinzaine des r\u00e9alisateurs Cannes 2006<\/p><p>Pesaro Film Festival 2006 Athens International Film Festival 2006 \/ Copenhagen International Film Festival 2006 Festival International du Film Francophone de Namur\/ Hamburg International Film Festival 2006 Festival du Film Fran\u00e7ais de Washinghton 2006 \/ Viennale International Film Festival 2006 \/Tubingen International Film Festival 2006 \/Festival Cinema Mediterraneen \u00e0 Bruxelles 2006 \/ Gijon International Film Festival 2006 \/ Master Class Femis 2007 \/ Rotterdam International Film Festival 2007\/ Goteborg International Film Festival 2007 \/ Festival International de Cin\u00e9ma Contemporain de la Ville de Mexico 2007 \/ Buenos Aires International Film Festival 2007 \/ Semaine du cin\u00e9ma fran\u00e7ais \u00e0 Los Angeles \/ San Francisco International Film Festival 2007 \/ Festival de Caracas 2008<\/p><p>Sortie salle France Shellac 16 ao\u00fbt 2006<br \/>Sortie salle Belgique Avril 2007<\/p><p><strong>PRESSE<\/strong><\/p><p><a href=\"http:\/\/www.clairesimon.fr\/PDF\/brule\/CABRULEJLDouin.pdf\" target=\"_blank\" rel=\"noopener\">Le Monde<\/a><\/p><p><a href=\"http:\/\/www.clairesimon.fr\/PDF\/brule\/Libeca-brule.pdf\" target=\"_blank\" rel=\"noopener\">Lib\u00e9ration<\/a><\/p><\/div>\n\t\t\t\t<\/div>\n\t\t\t\t<\/div>\n\t\t\t\t\t\t<\/div>\n\t\t\t<\/div>\n\t\t<\/div>\n\t\t\t\t\t\t<\/div>\n\t\t\t<\/div>\n\t\t<\/section>\n\t\t\t\t\t\t<\/div>\n\t\t\t<\/div>\n\t\t<\/div>\n\t\t","protected":false},"excerpt":{"rendered":"<p>Fiction-111minutes \u2013 35 mm &#8211; 1\/1.85 \u2013 couleur &#8211; dolby SR avec\u00a0Camille Varenne et Gilbert Melki Production Ma\u00efa Films \/ Gilles Sandoz maiafilms@maiafilms.comDistribution Shellac\/ shellac @altern.org\u00a0 Presse Makna presse \/ Chlo\u00e9 LorenziVentes internationales Film Distribution http:\/\/www.cabrule-lefilm.com\/SYNOPSIS Le 24 juin dans le Sud de la France, Livia 15 ans se rel\u00e8ve d\u2019une violente chute de cheval &hellip; <\/p>\n<p class=\"link-more\"><a href=\"http:\/\/clairesimon.fr\/fr_fr\/cabrule\/\" class=\"more-link\">Continuer la lecture<span class=\"screen-reader-text\"> de &laquo;&nbsp;\u00e7a brule&nbsp;&raquo;<\/span><\/a><\/p>\n","protected":false},"author":1,"featured_media":0,"parent":0,"menu_order":0,"comment_status":"closed","ping_status":"closed","template":"","meta":{"footnotes":""},"_links":{"self":[{"href":"http:\/\/clairesimon.fr\/fr_fr\/wp-json\/wp\/v2\/pages\/38"}],"collection":[{"href":"http:\/\/clairesimon.fr\/fr_fr\/wp-json\/wp\/v2\/pages"}],"about":[{"href":"http:\/\/clairesimon.fr\/fr_fr\/wp-json\/wp\/v2\/types\/page"}],"author":[{"embeddable":true,"href":"http:\/\/clairesimon.fr\/fr_fr\/wp-json\/wp\/v2\/users\/1"}],"replies":[{"embeddable":true,"href":"http:\/\/clairesimon.fr\/fr_fr\/wp-json\/wp\/v2\/comments?post=38"}],"version-history":[{"count":6,"href":"http:\/\/clairesimon.fr\/fr_fr\/wp-json\/wp\/v2\/pages\/38\/revisions"}],"predecessor-version":[{"id":219,"href":"http:\/\/clairesimon.fr\/fr_fr\/wp-json\/wp\/v2\/pages\/38\/revisions\/219"}],"wp:attachment":[{"href":"http:\/\/clairesimon.fr\/fr_fr\/wp-json\/wp\/v2\/media?parent=38"}],"curies":[{"name":"wp","href":"https:\/\/api.w.org\/{rel}","templated":true}]}}

ça brule

<div class="elementor elementor-38">
			<div class="elementor-inner">
				<div class="elementor-section-wrap">
							<section data-id="93f1b02" class="elementor-element elementor-element-93f1b02 elementor-section-boxed elementor-section-height-default elementor-section-height-default elementor-section elementor-top-section" data-element_type="section">
						<div class="elementor-container elementor-column-gap-default">
				<div class="elementor-row">
				<div data-id="8029743" class="elementor-element elementor-element-8029743 elementor-column elementor-col-100 elementor-top-column" data-element_type="column">
			<div class="elementor-column-wrap elementor-element-populated">
					<div class="elementor-widget-wrap">
				<div data-id="6254c31" class="elementor-element elementor-element-6254c31 elementor-widget elementor-widget-text-editor" data-element_type="text-editor.default">
				<div class="elementor-widget-container">
					<div class="elementor-text-editor elementor-clearfix"><p class="sly1" align="left"><img loading="lazy" decoding="async" class="alignnone size-medium wp-image-90" src="http://www.clairesimon.fr/2018/wp-content/uploads/2018/11/livia-fumee-300x198.jpg" alt="" width="300" height="198" /></p><p class="sly1" align="left">Fiction-111minutes – 35 mm &#8211; 1/1.85 – couleur &#8211; dolby SR</p><p class="sly1">avec <br />Camille Varenne et Gilbert Melki</p><p><span class="sly1">Production Maïa Films / Gilles Sandoz maiafilms@maiafilms.com<br />Distribution Shellac/ shellac @altern.org </span></p><p>Presse Makna presse / Chloé Lorenzi<br />Ventes internationales Film Distribution</p><p><a class="sly1" href="http://www.cabrule-lefilm.com/" target="_blank" rel="noopener">http://www.cabrule-lefilm.com/</a><br /><a name="synopsis"></a><br /><span class="sly1"><strong>SYNOPSIS</strong></span></p><p>Le 24 juin dans le Sud de la France, Livia 15 ans se relève d’une violente chute de cheval grâce à l’aide d’un pompier, Jean Susini, dont elle tombe amoureuse. L’adolescente seule et contrariée va tout tenter pour conquérir cet homme plus âgé pour lequel elle éprouve une passion de plus en plus brûlante .Son amour va la dévorer ,lui faire gravir une à une les marches de l’exaltation, jusqu’à l’irréparable.<br /><a name="liste"></a><br /><strong>LISTE ARTISTIQUE ET TECHNIQUE</strong></p><p><strong>Liste Artistique</strong><br />Livia Camille Varenne<br />Jean Gilbert Melki<br />Moisi Kader Mohamed<br />Amanda Marion Maintenay<br />Aurelie Morgane Moré<br />Père De Livia Jean-Quentin Chatelain<br />Cora Olivia Willaumez<br />Julien Nabil Radi<br />Vincent Mathieu Bagnis<br />Et les pompiers de la caserne de Jouques</p><p><strong>Liste Technique</strong><br />Réalisation,cadre Claire Simon<br />Scénario Claire Simon, Jérôme Beaujour, Nadège Trebal<br />Chef Opértaeur Pascale Granel<br />Son Julien Cloquet, François Musy, Gabriel Hafner<br />Montage Julien Lacheray<br />Décors Dan Bevan<br />Musique Martin Wheeler<br />Production Gilles Sandoz / Maïa Films<br />Ruth Waldburger / Vega Film<br />Samuel Chauvin / Promenades FilmsAvec la participation du Centre National de la Cinématographie<br />Avec le Soutien de la Région Provence &#8211; Alpes -Côte d’Azur<br />En coproduction avec la Télévision Suisse Romande<br />Avec le Soutien de l’Office Fédéral de la Culture Suisse<br />Visa n° 112.200<br /><a name="festivals"></a><br /><strong>FESTIVALS &amp; DISTRIBUTION</strong></p><p>Quinzaine des réalisateurs Cannes 2006</p><p>Pesaro Film Festival 2006 Athens International Film Festival 2006 / Copenhagen International Film Festival 2006 Festival International du Film Francophone de Namur/ Hamburg International Film Festival 2006 Festival du Film Français de Washinghton 2006 / Viennale International Film Festival 2006 /Tubingen International Film Festival 2006 /Festival Cinema Mediterraneen à Bruxelles 2006 / Gijon International Film Festival 2006 / Master Class Femis 2007 / Rotterdam International Film Festival 2007/ Goteborg International Film Festival 2007 / Festival International de Cinéma Contemporain de la Ville de Mexico 2007 / Buenos Aires International Film Festival 2007 / Semaine du cinéma français à Los Angeles / San Francisco International Film Festival 2007 / Festival de Caracas 2008</p><p>Sortie salle France Shellac 16 août 2006<br />Sortie salle Belgique Avril 2007</p><p><strong>PRESSE</strong></p><p><a href="http://www.clairesimon.fr/PDF/brule/CABRULEJLDouin.pdf" target="_blank" rel="noopener">Le Monde</a></p><p><a href="http://www.clairesimon.fr/PDF/brule/Libeca-brule.pdf" target="_blank" rel="noopener">Libération</a></p></div>
				</div>
				</div>
						</div>
			</div>
		</div>
						</div>
			</div>
		</section>
						</div>
			</div>
		</div>

<p>Fiction-111minutes – 35 mm &#8211; 1/1.85 – couleur &#8211; dolby SR avec Camille Varenne et Gilbert Melki Production Maïa Films / Gilles Sandoz maiafilms@maiafilms.comDistribution Shellac/ shellac @altern.org  Presse Makna presse / Chloé LorenziVentes internationales Film Distribution http://www.cabrule-lefilm.com/SYNOPSIS Le 24 juin dans le Sud de la France, Livia 15 ans se relève d’une violente chute de cheval &hellip; </p>
<p class="link-more"><a href="http://clairesimon.fr/fr_fr/cabrule/" class="more-link">Continuer la lecture<span class="screen-reader-text"> de &laquo;&nbsp;ça brule&nbsp;&raquo;</span></a></p>
