{"id":112,"date":"2018-11-02T14:24:01","date_gmt":"2018-11-02T13:24:01","guid":{"rendered":"http:\/\/www.clairesimon.fr\/2018\/?page_id=112"},"modified":"2018-11-13T11:36:38","modified_gmt":"2018-11-13T10:36:38","slug":"geographie","status":"publish","type":"page","link":"http:\/\/clairesimon.fr\/fr_fr\/geographie\/","title":{"rendered":"g\u00e9ographie humaine"},"content":{"rendered":"\t\t<div class=\"elementor elementor-112\">\n\t\t\t<div class=\"elementor-inner\">\n\t\t\t\t<div class=\"elementor-section-wrap\">\n\t\t\t\t\t\t\t<section data-id=\"2d37be55\" class=\"elementor-element elementor-element-2d37be55 elementor-section-boxed elementor-section-height-default elementor-section-height-default elementor-section elementor-top-section\" data-element_type=\"section\">\n\t\t\t\t\t\t<div class=\"elementor-container elementor-column-gap-default\">\n\t\t\t\t<div class=\"elementor-row\">\n\t\t\t\t<div data-id=\"5605aea7\" class=\"elementor-element elementor-element-5605aea7 elementor-column elementor-col-100 elementor-top-column\" data-element_type=\"column\">\n\t\t\t<div class=\"elementor-column-wrap elementor-element-populated\">\n\t\t\t\t\t<div class=\"elementor-widget-wrap\">\n\t\t\t\t<div data-id=\"6b76b404\" class=\"elementor-element elementor-element-6b76b404 elementor-widget elementor-widget-text-editor\" data-element_type=\"text-editor.default\">\n\t\t\t\t<div class=\"elementor-widget-container\">\n\t\t\t\t\t<div class=\"elementor-text-editor elementor-clearfix\"><div class=\"wrap_option\"><div><img loading=\"lazy\" decoding=\"async\" class=\"wp-image-115 size-full alignnone\" src=\"http:\/\/www.clairesimon.fr\/2018\/wp-content\/uploads\/2018\/11\/geo.jpg\" alt=\"\" width=\"650\" height=\"480\" srcset=\"http:\/\/clairesimon.fr\/wp-content\/uploads\/2018\/11\/geo.jpg 650w, http:\/\/clairesimon.fr\/wp-content\/uploads\/2018\/11\/geo-300x222.jpg 300w\" sizes=\"(max-width: 650px) 100vw, 650px\" \/><\/div><div>\u00a0<\/div><div>Prix FEDEORA au CROSSING EUROPE Festival 2014<\/div><div>\u00a0<\/div><\/div><div id=\"short_description_block\"><p>Un film sur et dans une gare\u2026oui, \u00e0 la gare du Nord\u2026 La plus grande gare d\u2019Europe, la troisi\u00e8me du monde\u2026 Bien sure un lieu excessif, d\u00e9mesur\u00e9 pour un film. C\u2019est un lieu ouvert, moderne et ancien. Et puis la Gare du Nord c\u2019est 5, 6 gares ench\u00e2ss\u00e9es les unes sur les autres\u00a0: la gare du RER, du m\u00e9tro, la gare des trains de banlieue, la gare des trains r\u00e9gionaux, la gare des Grandes Lignes, et l\u2019Eurostar et la gare des bus au-dessus de la nouvelle verri\u00e8re. C\u2019est la gare de la DIVERSITE\u2026<\/p><p>Que fait la Gare du Nord aux humains\u00a0? Au hasard, bien sur, au gr\u00e9 de la r\u00e9ussite d\u2019une rencontre cin\u00e9matographique et dans la perspective de d\u00e9couvrir la trajectoire qui a men\u00e9 cette personne l\u00e0, ici \u00e0 cet endroit-l\u00e0 de la Gare. Sa trajectoire et pas seulement son trajet du jour. Le chemin parcouru par cette personne pour arriver l\u00e0, qu\u2019elle soit n\u00e9e \u00e0 Londres, Paris, Aubervilliers, Brazzaville ou Tizi-Ouzou. Son chemin de vie, sa g\u00e9ographie personnelle.<\/p><p><em>mention \u00abIndependent Hero\u00a0\u00bb pour GARE DU NORD &amp; GEOGRAPHIE HUMAINE\u00a0\u00e0 IndieLisboa\u00a02014<\/em><\/p><p>FICHE TECHNIQUE<\/p><p title=\"fiche technique\">Avec\u00a0: Simon M\u00e9rabet<\/p><p>Image\u00a0: Claire Simon<\/p><p>Coproducteurs\u00a0: Film Factory<\/p><p>Son\u00a0: Olivier Hespel<\/p><p>Direction de production\u00a0: Nelly Mabilat<\/p><p>Montage\u00a0: Catherine Rascon\u00a0et Luc Forveille<\/p><p>Musique Originale\u00a0: Miles Davis<\/p><p>Mixage\u00a0: Dominique Vieillard<\/p><p>Producteur\u00a0: Les Films d&rsquo;Ici<\/p><p>Producteur ex\u00e9cutif\u00a0: Richard Copans<\/p><p>Partenaires\u00a0: Procirep\/Angoa<\/p><\/div><\/div>\n\t\t\t\t<\/div>\n\t\t\t\t<\/div>\n\t\t\t\t\t\t<\/div>\n\t\t\t<\/div>\n\t\t<\/div>\n\t\t\t\t\t\t<\/div>\n\t\t\t<\/div>\n\t\t<\/section>\n\t\t\t\t\t\t<\/div>\n\t\t\t<\/div>\n\t\t<\/div>\n\t\t","protected":false},"excerpt":{"rendered":"<p>\u00a0Prix FEDEORA au CROSSING EUROPE Festival 2014\u00a0 Un film sur et dans une gare\u2026oui, \u00e0 la gare du Nord\u2026 La plus grande gare d\u2019Europe, la troisi\u00e8me du monde\u2026 Bien sure un lieu excessif, d\u00e9mesur\u00e9 pour un film. C\u2019est un lieu ouvert, moderne et ancien. Et puis la Gare du Nord c\u2019est 5, 6 gares ench\u00e2ss\u00e9es &hellip; <\/p>\n<p class=\"link-more\"><a href=\"http:\/\/clairesimon.fr\/fr_fr\/geographie\/\" class=\"more-link\">Continuer la lecture<span class=\"screen-reader-text\"> de &laquo;&nbsp;g\u00e9ographie humaine&nbsp;&raquo;<\/span><\/a><\/p>\n","protected":false},"author":1,"featured_media":0,"parent":0,"menu_order":0,"comment_status":"closed","ping_status":"closed","template":"","meta":{"footnotes":""},"_links":{"self":[{"href":"http:\/\/clairesimon.fr\/fr_fr\/wp-json\/wp\/v2\/pages\/112"}],"collection":[{"href":"http:\/\/clairesimon.fr\/fr_fr\/wp-json\/wp\/v2\/pages"}],"about":[{"href":"http:\/\/clairesimon.fr\/fr_fr\/wp-json\/wp\/v2\/types\/page"}],"author":[{"embeddable":true,"href":"http:\/\/clairesimon.fr\/fr_fr\/wp-json\/wp\/v2\/users\/1"}],"replies":[{"embeddable":true,"href":"http:\/\/clairesimon.fr\/fr_fr\/wp-json\/wp\/v2\/comments?post=112"}],"version-history":[{"count":5,"href":"http:\/\/clairesimon.fr\/fr_fr\/wp-json\/wp\/v2\/pages\/112\/revisions"}],"predecessor-version":[{"id":220,"href":"http:\/\/clairesimon.fr\/fr_fr\/wp-json\/wp\/v2\/pages\/112\/revisions\/220"}],"wp:attachment":[{"href":"http:\/\/clairesimon.fr\/fr_fr\/wp-json\/wp\/v2\/media?parent=112"}],"curies":[{"name":"wp","href":"https:\/\/api.w.org\/{rel}","templated":true}]}}

géographie humaine

<div class="elementor elementor-112">
			<div class="elementor-inner">
				<div class="elementor-section-wrap">
							<section data-id="2d37be55" class="elementor-element elementor-element-2d37be55 elementor-section-boxed elementor-section-height-default elementor-section-height-default elementor-section elementor-top-section" data-element_type="section">
						<div class="elementor-container elementor-column-gap-default">
				<div class="elementor-row">
				<div data-id="5605aea7" class="elementor-element elementor-element-5605aea7 elementor-column elementor-col-100 elementor-top-column" data-element_type="column">
			<div class="elementor-column-wrap elementor-element-populated">
					<div class="elementor-widget-wrap">
				<div data-id="6b76b404" class="elementor-element elementor-element-6b76b404 elementor-widget elementor-widget-text-editor" data-element_type="text-editor.default">
				<div class="elementor-widget-container">
					<div class="elementor-text-editor elementor-clearfix"><div class="wrap_option"><div><img loading="lazy" decoding="async" class="wp-image-115 size-full alignnone" src="http://www.clairesimon.fr/2018/wp-content/uploads/2018/11/geo.jpg" alt="" width="650" height="480" srcset="http://clairesimon.fr/wp-content/uploads/2018/11/geo.jpg 650w, http://clairesimon.fr/wp-content/uploads/2018/11/geo-300x222.jpg 300w" sizes="(max-width: 650px) 100vw, 650px" /></div><div> </div><div>Prix FEDEORA au CROSSING EUROPE Festival 2014</div><div> </div></div><div id="short_description_block"><p>Un film sur et dans une gare…oui, à la gare du Nord… La plus grande gare d’Europe, la troisième du monde… Bien sure un lieu excessif, démesuré pour un film. C’est un lieu ouvert, moderne et ancien. Et puis la Gare du Nord c’est 5, 6 gares enchâssées les unes sur les autres : la gare du RER, du métro, la gare des trains de banlieue, la gare des trains régionaux, la gare des Grandes Lignes, et l’Eurostar et la gare des bus au-dessus de la nouvelle verrière. C’est la gare de la DIVERSITE…</p><p>Que fait la Gare du Nord aux humains ? Au hasard, bien sur, au gré de la réussite d’une rencontre cinématographique et dans la perspective de découvrir la trajectoire qui a mené cette personne là, ici à cet endroit-là de la Gare. Sa trajectoire et pas seulement son trajet du jour. Le chemin parcouru par cette personne pour arriver là, qu’elle soit née à Londres, Paris, Aubervilliers, Brazzaville ou Tizi-Ouzou. Son chemin de vie, sa géographie personnelle.</p><p><em>mention «Independent Hero » pour GARE DU NORD &amp; GEOGRAPHIE HUMAINE à IndieLisboa 2014</em></p><p>FICHE TECHNIQUE</p><p title="fiche technique">Avec : Simon Mérabet</p><p>Image : Claire Simon</p><p>Coproducteurs : Film Factory</p><p>Son : Olivier Hespel</p><p>Direction de production : Nelly Mabilat</p><p>Montage : Catherine Rascon et Luc Forveille</p><p>Musique Originale : Miles Davis</p><p>Mixage : Dominique Vieillard</p><p>Producteur : Les Films d&rsquo;Ici</p><p>Producteur exécutif : Richard Copans</p><p>Partenaires : Procirep/Angoa</p></div></div>
				</div>
				</div>
						</div>
			</div>
		</div>
						</div>
			</div>
		</section>
						</div>
			</div>
		</div>

<p> Prix FEDEORA au CROSSING EUROPE Festival 2014  Un film sur et dans une gare…oui, à la gare du Nord… La plus grande gare d’Europe, la troisième du monde… Bien sure un lieu excessif, démesuré pour un film. C’est un lieu ouvert, moderne et ancien. Et puis la Gare du Nord c’est 5, 6 gares enchâssées &hellip; </p>
<p class="link-more"><a href="http://clairesimon.fr/fr_fr/geographie/" class="more-link">Continuer la lecture<span class="screen-reader-text"> de &laquo;&nbsp;géographie humaine&nbsp;&raquo;</span></a></p>
