{"id":100,"date":"2018-11-02T13:54:26","date_gmt":"2018-11-02T12:54:26","guid":{"rendered":"http:\/\/www.clairesimon.fr\/2018\/?page_id=100"},"modified":"2018-11-13T12:08:16","modified_gmt":"2018-11-13T11:08:16","slug":"lesbois","status":"publish","type":"page","link":"http:\/\/clairesimon.fr\/fr_fr\/lesbois\/","title":{"rendered":"le bois dont les r\u00eaves sont faits"},"content":{"rendered":"\t\t<div class=\"elementor elementor-100\">\n\t\t\t<div class=\"elementor-inner\">\n\t\t\t\t<div class=\"elementor-section-wrap\">\n\t\t\t\t\t\t\t<section data-id=\"2d37be55\" class=\"elementor-element elementor-element-2d37be55 elementor-section-boxed elementor-section-height-default elementor-section-height-default elementor-section elementor-top-section\" data-element_type=\"section\">\n\t\t\t\t\t\t<div class=\"elementor-container elementor-column-gap-default\">\n\t\t\t\t<div class=\"elementor-row\">\n\t\t\t\t<div data-id=\"5605aea7\" class=\"elementor-element elementor-element-5605aea7 elementor-column elementor-col-100 elementor-top-column\" data-element_type=\"column\">\n\t\t\t<div class=\"elementor-column-wrap elementor-element-populated\">\n\t\t\t\t\t<div class=\"elementor-widget-wrap\">\n\t\t\t\t<div data-id=\"76f7c7b\" class=\"elementor-element elementor-element-76f7c7b elementor-aspect-ratio-169 elementor-widget elementor-widget-video\" data-settings=\"{&quot;aspect_ratio&quot;:&quot;169&quot;}\" data-element_type=\"video.default\">\n\t\t\t\t<div class=\"elementor-widget-container\">\n\t\t\t\t\t<div class=\"elementor-wrapper elementor-fit-aspect-ratio elementor-open-inline\">\n\t\t\t<iframe class=\"elementor-video-iframe\" allowfullscreen src=\"https:\/\/www.youtube.com\/embed\/AV3E7g5yo5k?feature=oembed&amp;start&amp;end&amp;wmode=opaque&amp;loop=0&amp;controls=1&amp;mute=0&amp;showinfo=1&amp;rel=0&amp;modestbranding=0\"><\/iframe>\t\t<\/div>\n\t\t\t\t<\/div>\n\t\t\t\t<\/div>\n\t\t\t\t<div data-id=\"6b76b404\" class=\"elementor-element elementor-element-6b76b404 elementor-widget elementor-widget-text-editor\" data-element_type=\"text-editor.default\">\n\t\t\t\t<div class=\"elementor-widget-container\">\n\t\t\t\t\t<div class=\"elementor-text-editor elementor-clearfix\"><p class=\"sly1\" align=\"left\"><span style=\"font-size: 1rem;\">Long m\u00e9trage documentaire<\/span><\/p><p>DISTRIBUTION Sophie DULAC distribution<\/p><p>Sortie le 13 Avril 2016<\/p><p><strong>SYNOPSIS<\/strong><\/p><p>Il y a des jours o\u00f9 on n\u2019en peut plus de la ville, o\u00f9 nos yeux ne supportent plus de ne voir que des immeubles et nos oreilles de n\u2019entendre que des moteurs&#8230; Alors on se souvient de la Nature, et on pense au Bois. On passe du trottoir au sentier et nous y voil\u00e0 ! La rumeur de la ville s\u2019\u00e9loigne, on est dans une prairie tr\u00e8s loin. C\u2019est la campagne, la for\u00eat, l\u2019enfance qui revient. On y croit, on y est. C\u2019est une illusion vraie, un monde sauvage \u00e0 port\u00e9e de main, un lieu pour tous, riches et pauvres, fran\u00e7ais et \u00e9trangers, homos et h\u00e9t\u00e9ros, vieux et jeunes, vieux-jeu ou branch\u00e9s. Le paradis retrouv\u00e9. Qui sait ?<br \/>Claire Simon<br \/>***<\/p><p class=\"sly1\" align=\"left\"><strong>LISTE ARTISTIQUE ET TECHNIQUE<\/strong><\/p><p>Un film de Claire Simon<\/p><p>Auteur \/ R\u00e9alisateur : Claire Simon<br \/>Image Claire SIMON assist\u00e9e de Aur\u00e9lien PY Son Olivier HESPEL<br \/>Assistants r\u00e9alisation:Judith FRAGGI et Lucas DELANGLEMontage son Fran\u00e7ois MUSY et Gabriel HAFNER\u00a0<br \/>Montage Luc FORVEILLE\u00a0<br \/>Son Olivier HESPEL<br \/>Produit par Jean Luc ORMIERES et Sandrine DUMAS\u00a0<br \/>Coproducteurs Francine LUSSER et G\u00e9rard MONIER<br \/>Une coproduction franco-suisse JUST SAYIN\u2019 FILMS &#8211; PIO &amp; CO (Paris) TIPI\u2019MAGES PRODUCTIONS (Gen\u00e8ve).<br \/>Avec la participation du Centre National du Cin\u00e9ma et de l\u2019Image Anim\u00e9e, le soutien du Fonds d\u2019Innovation audiovisuelle du CNC, du fonds Images de la Diversit\u00e9 et La R\u00e9gion ILE DE FRANCE En association avec SOFICINEMA 10. Avec la participation de Cin\u00e9forom et le soutien de la Loterie Romande et de l\u2019Office F\u00e9d\u00e9ral de la Culture &#8211; Succ\u00e8s Cin\u00e9ma et le soutien de Succ\u00e8s passage antenne, SRG SSR Ventes Internationales : BE for Films<\/p><p><strong>PRESSE<\/strong><\/p><p><a href=\"http:\/\/www.clairesimon.fr\/PDF\/bois\/LeBois_LeMonde.jpeg\" target=\"_blank\" rel=\"noopener\">Le Monde<\/a><\/p><p><a href=\"http:\/\/www.clairesimon.fr\/PDF\/bois\/LeBois_Cahiers.jpeg\" target=\"_blank\" rel=\"noopener\">Les Cahiers du Cin\u00e9ma<\/a><\/p><p><a href=\"http:\/\/www.clairesimon.fr\/PDF\/bois\/LeBois_Telarama.jpeg\" target=\"_blank\" rel=\"noopener\">T\u00e9l\u00e9rama<\/a><\/p><p><a href=\"http:\/\/www.clairesimon.fr\/PDF\/bois\/LeBois_SoFilm.jpeg\" target=\"_blank\" rel=\"noopener\">SoFilm<\/a><\/p><\/div>\n\t\t\t\t<\/div>\n\t\t\t\t<\/div>\n\t\t\t\t\t\t<\/div>\n\t\t\t<\/div>\n\t\t<\/div>\n\t\t\t\t\t\t<\/div>\n\t\t\t<\/div>\n\t\t<\/section>\n\t\t\t\t\t\t<\/div>\n\t\t\t<\/div>\n\t\t<\/div>\n\t\t","protected":false},"excerpt":{"rendered":"<p>Long m\u00e9trage documentaire DISTRIBUTION Sophie DULAC distribution Sortie le 13 Avril 2016 SYNOPSIS Il y a des jours o\u00f9 on n\u2019en peut plus de la ville, o\u00f9 nos yeux ne supportent plus de ne voir que des immeubles et nos oreilles de n\u2019entendre que des moteurs&#8230; Alors on se souvient de la Nature, et on &hellip; <\/p>\n<p class=\"link-more\"><a href=\"http:\/\/clairesimon.fr\/fr_fr\/lesbois\/\" class=\"more-link\">Continuer la lecture<span class=\"screen-reader-text\"> de &laquo;&nbsp;le bois dont les r\u00eaves sont faits&nbsp;&raquo;<\/span><\/a><\/p>\n","protected":false},"author":1,"featured_media":0,"parent":0,"menu_order":0,"comment_status":"closed","ping_status":"closed","template":"","meta":{"footnotes":""},"_links":{"self":[{"href":"http:\/\/clairesimon.fr\/fr_fr\/wp-json\/wp\/v2\/pages\/100"}],"collection":[{"href":"http:\/\/clairesimon.fr\/fr_fr\/wp-json\/wp\/v2\/pages"}],"about":[{"href":"http:\/\/clairesimon.fr\/fr_fr\/wp-json\/wp\/v2\/types\/page"}],"author":[{"embeddable":true,"href":"http:\/\/clairesimon.fr\/fr_fr\/wp-json\/wp\/v2\/users\/1"}],"replies":[{"embeddable":true,"href":"http:\/\/clairesimon.fr\/fr_fr\/wp-json\/wp\/v2\/comments?post=100"}],"version-history":[{"count":7,"href":"http:\/\/clairesimon.fr\/fr_fr\/wp-json\/wp\/v2\/pages\/100\/revisions"}],"predecessor-version":[{"id":222,"href":"http:\/\/clairesimon.fr\/fr_fr\/wp-json\/wp\/v2\/pages\/100\/revisions\/222"}],"wp:attachment":[{"href":"http:\/\/clairesimon.fr\/fr_fr\/wp-json\/wp\/v2\/media?parent=100"}],"curies":[{"name":"wp","href":"https:\/\/api.w.org\/{rel}","templated":true}]}}

le bois dont les rêves sont faits

<div class="elementor elementor-100">
			<div class="elementor-inner">
				<div class="elementor-section-wrap">
							<section data-id="2d37be55" class="elementor-element elementor-element-2d37be55 elementor-section-boxed elementor-section-height-default elementor-section-height-default elementor-section elementor-top-section" data-element_type="section">
						<div class="elementor-container elementor-column-gap-default">
				<div class="elementor-row">
				<div data-id="5605aea7" class="elementor-element elementor-element-5605aea7 elementor-column elementor-col-100 elementor-top-column" data-element_type="column">
			<div class="elementor-column-wrap elementor-element-populated">
					<div class="elementor-widget-wrap">
				<div data-id="76f7c7b" class="elementor-element elementor-element-76f7c7b elementor-aspect-ratio-169 elementor-widget elementor-widget-video" data-settings="{&quot;aspect_ratio&quot;:&quot;169&quot;}" data-element_type="video.default">
				<div class="elementor-widget-container">
					<div class="elementor-wrapper elementor-fit-aspect-ratio elementor-open-inline">
			<iframe class="elementor-video-iframe" allowfullscreen src="https://www.youtube.com/embed/AV3E7g5yo5k?feature=oembed&amp;start&amp;end&amp;wmode=opaque&amp;loop=0&amp;controls=1&amp;mute=0&amp;showinfo=1&amp;rel=0&amp;modestbranding=0"></iframe>		</div>
				</div>
				</div>
				<div data-id="6b76b404" class="elementor-element elementor-element-6b76b404 elementor-widget elementor-widget-text-editor" data-element_type="text-editor.default">
				<div class="elementor-widget-container">
					<div class="elementor-text-editor elementor-clearfix"><p class="sly1" align="left"><span style="font-size: 1rem;">Long métrage documentaire</span></p><p>DISTRIBUTION Sophie DULAC distribution</p><p>Sortie le 13 Avril 2016</p><p><strong>SYNOPSIS</strong></p><p>Il y a des jours où on n’en peut plus de la ville, où nos yeux ne supportent plus de ne voir que des immeubles et nos oreilles de n’entendre que des moteurs&#8230; Alors on se souvient de la Nature, et on pense au Bois. On passe du trottoir au sentier et nous y voilà ! La rumeur de la ville s’éloigne, on est dans une prairie très loin. C’est la campagne, la forêt, l’enfance qui revient. On y croit, on y est. C’est une illusion vraie, un monde sauvage à portée de main, un lieu pour tous, riches et pauvres, français et étrangers, homos et hétéros, vieux et jeunes, vieux-jeu ou branchés. Le paradis retrouvé. Qui sait ?<br />Claire Simon<br />***</p><p class="sly1" align="left"><strong>LISTE ARTISTIQUE ET TECHNIQUE</strong></p><p>Un film de Claire Simon</p><p>Auteur / Réalisateur : Claire Simon<br />Image Claire SIMON assistée de Aurélien PY Son Olivier HESPEL<br />Assistants réalisation:Judith FRAGGI et Lucas DELANGLEMontage son François MUSY et Gabriel HAFNER <br />Montage Luc FORVEILLE <br />Son Olivier HESPEL<br />Produit par Jean Luc ORMIERES et Sandrine DUMAS <br />Coproducteurs Francine LUSSER et Gérard MONIER<br />Une coproduction franco-suisse JUST SAYIN’ FILMS &#8211; PIO &amp; CO (Paris) TIPI’MAGES PRODUCTIONS (Genève).<br />Avec la participation du Centre National du Cinéma et de l’Image Animée, le soutien du Fonds d’Innovation audiovisuelle du CNC, du fonds Images de la Diversité et La Région ILE DE FRANCE En association avec SOFICINEMA 10. Avec la participation de Cinéforom et le soutien de la Loterie Romande et de l’Office Fédéral de la Culture &#8211; Succès Cinéma et le soutien de Succès passage antenne, SRG SSR Ventes Internationales : BE for Films</p><p><strong>PRESSE</strong></p><p><a href="http://www.clairesimon.fr/PDF/bois/LeBois_LeMonde.jpeg" target="_blank" rel="noopener">Le Monde</a></p><p><a href="http://www.clairesimon.fr/PDF/bois/LeBois_Cahiers.jpeg" target="_blank" rel="noopener">Les Cahiers du Cinéma</a></p><p><a href="http://www.clairesimon.fr/PDF/bois/LeBois_Telarama.jpeg" target="_blank" rel="noopener">Télérama</a></p><p><a href="http://www.clairesimon.fr/PDF/bois/LeBois_SoFilm.jpeg" target="_blank" rel="noopener">SoFilm</a></p></div>
				</div>
				</div>
						</div>
			</div>
		</div>
						</div>
			</div>
		</section>
						</div>
			</div>
		</div>

<p>Long métrage documentaire DISTRIBUTION Sophie DULAC distribution Sortie le 13 Avril 2016 SYNOPSIS Il y a des jours où on n’en peut plus de la ville, où nos yeux ne supportent plus de ne voir que des immeubles et nos oreilles de n’entendre que des moteurs&#8230; Alors on se souvient de la Nature, et on &hellip; </p>
<p class="link-more"><a href="http://clairesimon.fr/fr_fr/lesbois/" class="more-link">Continuer la lecture<span class="screen-reader-text"> de &laquo;&nbsp;le bois dont les rêves sont faits&nbsp;&raquo;</span></a></p>
